{"id":94,"date":"2020-08-06T17:55:04","date_gmt":"2020-08-06T20:55:04","guid":{"rendered":"http:\/\/bibliotecazampa.com.ar\/?page_id=94"},"modified":"2023-11-27T10:02:05","modified_gmt":"2023-11-27T13:02:05","slug":"reglamento","status":"publish","type":"page","link":"https:\/\/bibliotecazampa.com.ar\/index.php\/reglamento\/","title":{"rendered":"Reglamento"},"content":{"rendered":"<h2 style=\"font-weight: 300;\"><\/h2>\n<ol>\n<li>\u00a0 \u00a0 El ingreso y uso de las salas es libre durante el horario de 9 a 15 hs.<\/li>\n<li>\u00a0 \u00a0La consulta, lectura y el uso de material bibliogr\u00e1fico en la biblioteca son gratuitos para todo p\u00fablico.<\/li>\n<li>\u00a0 \u00a0Est\u00e1 prohibido hacer anotaciones en los libros y en otros materiales, ni doblar las hojas o causar cualquier tipo de deterioro.<\/li>\n<li>\u00a0 \u00a0Cuando el bibliotecario observe que el lector ha cometido deterioros en las obra, tendr\u00e1 pleno derecho a solicitarle la reposici\u00f3n de la misma o el importe equivalente, en el caso de extrav\u00edos estar\u00e1 obligado a su reemplazo inmediato o el pago del importe actualizado.<\/li>\n<li>\u00a0 \u00a0Para asociarse a la biblioteca es necesario completar con los datos personales la ficha de socio, abonar el importe de la cuota vigente.<\/li>\n<li>\u00a0 \u00a0Los socios pueden retirar a domicilio un m\u00e1ximo de tres ejemplares por ficha de socio pertenecientes a la colecci\u00f3n general de la biblioteca, con la excepci\u00f3n de las siguientes obras: enciclopedias, obras agotadas y todo material que a juicio del bibliotecario que no debe salir de la sala.<\/li>\n<li>\u00a0 \u00a0Las obras generales se prestan a domicilio por un m\u00e1ximo de 14 d\u00edas, los libros de textos por un m\u00e1ximo de 7 d\u00edas. Cumplido este plazo el libro ser\u00e1 devuelto. Si no ha sido solicitado por otro lector podr\u00e1 ser renovado.<\/li>\n<li>\u00a0 \u00a0Los socios que adeuden cuotas, obras o multas no podr\u00e1n retirar material en pr\u00e9stamo a domicilio mientras no regularicen su situaci\u00f3n.<\/li>\n<li>\u00a0 \u00a0Si al recibir un libro, el lector nota que le faltan hojas o tiene anotaciones deber\u00e1 ponerlo en conocimiento del bibliotecario a fin de deslindar responsabilidades.<\/li>\n<li>Ante cualquier inquietud, tipo de problema o necesidad de ayuda en la b\u00fasqueda de obra y\/o informaci\u00f3n acudir al personal bibliotecario.<\/li>\n<li>El socio que se vea forzado a estar en deuda con la Biblioteca, el m\u00e1ximo de cuotas atrasadas permitido es de tres.<\/li>\n<li>Para entrar en la sala de consulta, bolsos y mochilas deben ser depositadas en recepci\u00f3n.<\/li>\n<li>Solo podr\u00e1n retirar material de la Biblioteca las personas que no adeuden libros con vencimiento de m\u00e1s de un\u00a0mes.<\/li>\n<\/ol>\n","protected":false},"excerpt":{"rendered":"<p>\u00a0 \u00a0 El ingreso y uso de las salas es libre durante el horario de 9 a 15 hs. \u00a0 \u00a0La consulta, lectura y el uso de material bibliogr\u00e1fico en la biblioteca son gratuitos para todo p\u00fablico. \u00a0 \u00a0Est\u00e1 prohibido hacer anotaciones en los libros y en otros materiales, ni doblar las hojas o causar &hellip; <\/p>\n<p class=\"link-more\"><a href=\"https:\/\/bibliotecazampa.com.ar\/index.php\/reglamento\/\" class=\"more-link\">Segu\u00ed leyendo<span class=\"screen-reader-text\"> &#8220;Reglamento&#8221;<\/span><\/a><\/p>\n","protected":false},"author":1,"featured_media":0,"parent":0,"menu_order":0,"comment_status":"closed","ping_status":"closed","template":"","meta":[],"_links":{"self":[{"href":"https:\/\/bibliotecazampa.com.ar\/index.php\/wp-json\/wp\/v2\/pages\/94"}],"collection":[{"href":"https:\/\/bibliotecazampa.com.ar\/index.php\/wp-json\/wp\/v2\/pages"}],"about":[{"href":"https:\/\/bibliotecazampa.com.ar\/index.php\/wp-json\/wp\/v2\/types\/page"}],"author":[{"embeddable":true,"href":"https:\/\/bibliotecazampa.com.ar\/index.php\/wp-json\/wp\/v2\/users\/1"}],"replies":[{"embeddable":true,"href":"https:\/\/bibliotecazampa.com.ar\/index.php\/wp-json\/wp\/v2\/comments?post=94"}],"version-history":[{"count":5,"href":"https:\/\/bibliotecazampa.com.ar\/index.php\/wp-json\/wp\/v2\/pages\/94\/revisions"}],"predecessor-version":[{"id":262,"href":"https:\/\/bibliotecazampa.com.ar\/index.php\/wp-json\/wp\/v2\/pages\/94\/revisions\/262"}],"wp:attachment":[{"href":"https:\/\/bibliotecazampa.com.ar\/index.php\/wp-json\/wp\/v2\/media?parent=94"}],"curies":[{"name":"wp","href":"https:\/\/api.w.org\/{rel}","templated":true}]}}