{"id":91,"date":"2020-08-06T17:52:57","date_gmt":"2020-08-06T20:52:57","guid":{"rendered":"http:\/\/bibliotecazampa.com.ar\/?page_id=91"},"modified":"2020-08-07T16:09:25","modified_gmt":"2020-08-07T19:09:25","slug":"historia-de-la-biblioteca","status":"publish","type":"page","link":"https:\/\/bibliotecazampa.com.ar\/index.php\/historia-de-la-biblioteca\/","title":{"rendered":"Historia de la biblioteca"},"content":{"rendered":"<p>Desde el a\u00f1o 1966, Villa Ramallo no contaba con una Biblioteca Popular, fecha en la que hab\u00eda desaparecido la \u00fanica que hab\u00eda sido creada por Don Fortunato Zampa en el a\u00f1o 1925, quien engrandeci\u00f3 y sostuvo hasta el momento de su muerte acaecida en el a\u00f1o 1960.<\/p>\n<p>Con el transcurrir del tiempo, Villa Ramallo prosper\u00f3 notablemente y se hac\u00eda indispensable la creaci\u00f3n de una Biblioteca Popular. Gracias a un grupo de j\u00f3venes que integraban el grupo Metr\u00f3polis (dedicados al cine) realizaron un llamado a la comunidad y despu\u00e9s de varias reuniones, con destacados vecinos, se form\u00f3 la comisi\u00f3n definitiva que estar\u00eda a cargo de la concreci\u00f3n del proyecto. Todo esto ocurr\u00eda en el a\u00f1o 1987.<\/p>\n<p>Esta comisi\u00f3n tom\u00f3 a su cargo tan ardua tarea y tras rescatar solamente de la antigua biblioteca 3800 vol\u00famenes deteriorados.<\/p>\n<p><img loading=\"lazy\" class=\"size-medium wp-image-83 aligncenter\" src=\"http:\/\/bibliotecazampa.com.ar\/wp-content\/uploads\/2020\/08\/biblioteca_n-300x225.jpg\" sizes=\"(max-width: 300px) 100vw, 300px\" srcset=\"http:\/\/bibliotecazampa.com.ar\/wp-content\/uploads\/2020\/08\/biblioteca_n-300x225.jpg 300w, http:\/\/bibliotecazampa.com.ar\/wp-content\/uploads\/2020\/08\/biblioteca_n-768x576.jpg 768w, http:\/\/bibliotecazampa.com.ar\/wp-content\/uploads\/2020\/08\/biblioteca_n.jpg 960w\" alt=\"\" width=\"300\" height=\"225\" \/><\/p>\n<p>De esta forma se dio el puntapi\u00e9 inicial para la creaci\u00f3n de la biblioteca que hoy tenemos. Se crearon los estatutos, se gestion\u00f3 la personer\u00eda jur\u00eddica y se dieron todos los pasos necesarios para finalizar este proyecto. Una vez concluido, el siguiente paso fue conseguir un edificio donde funcionara la instituci\u00f3n, pero no se contaba con los fondos necesarios, para tal fin se decidi\u00f3 realizar una rifa que cont\u00f3 con el apoyo absoluto de toda la poblaci\u00f3n y con una subvenci\u00f3n municipal se compro un edificio en la calle Primera Junta 52. Toda la comisi\u00f3n se aboc\u00f3 al arreglo y una vez en condiciones y gracias a la ayuda del 40 festival de M\u00fasica Folkl\u00f3rica se compraron las primeras estanter\u00edas para acomodar los 3800 vol\u00famenes.<\/p>\n<p>El d\u00eda 25 de octubre de 1991, con el nombre de Fortunato Zampa, como justo homenaje a quien tanto hab\u00eda hecho por la cultura de nuestro pueblo, se abrieron las puertas al p\u00fablico de la nueva Biblioteca.<\/p>\n<p>&nbsp;<\/p>\n<p>Hoy, transcurridos varios a\u00f1os de la apertura, esta instituci\u00f3n sigue creciendo y ocupa un lugar importante en nuestra localidad.<\/p>\n","protected":false},"excerpt":{"rendered":"<p>Desde el a\u00f1o 1966, Villa Ramallo no contaba con una Biblioteca Popular, fecha en la que hab\u00eda desaparecido la \u00fanica que hab\u00eda sido creada por Don Fortunato Zampa en el a\u00f1o 1925, quien engrandeci\u00f3 y sostuvo hasta el momento de su muerte acaecida en el a\u00f1o 1960. Con el transcurrir del tiempo, Villa Ramallo prosper\u00f3 &hellip; <\/p>\n<p class=\"link-more\"><a href=\"https:\/\/bibliotecazampa.com.ar\/index.php\/historia-de-la-biblioteca\/\" class=\"more-link\">Segu\u00ed leyendo<span class=\"screen-reader-text\"> &#8220;Historia de la biblioteca&#8221;<\/span><\/a><\/p>\n","protected":false},"author":1,"featured_media":0,"parent":0,"menu_order":0,"comment_status":"closed","ping_status":"closed","template":"","meta":[],"_links":{"self":[{"href":"https:\/\/bibliotecazampa.com.ar\/index.php\/wp-json\/wp\/v2\/pages\/91"}],"collection":[{"href":"https:\/\/bibliotecazampa.com.ar\/index.php\/wp-json\/wp\/v2\/pages"}],"about":[{"href":"https:\/\/bibliotecazampa.com.ar\/index.php\/wp-json\/wp\/v2\/types\/page"}],"author":[{"embeddable":true,"href":"https:\/\/bibliotecazampa.com.ar\/index.php\/wp-json\/wp\/v2\/users\/1"}],"replies":[{"embeddable":true,"href":"https:\/\/bibliotecazampa.com.ar\/index.php\/wp-json\/wp\/v2\/comments?post=91"}],"version-history":[{"count":4,"href":"https:\/\/bibliotecazampa.com.ar\/index.php\/wp-json\/wp\/v2\/pages\/91\/revisions"}],"predecessor-version":[{"id":215,"href":"https:\/\/bibliotecazampa.com.ar\/index.php\/wp-json\/wp\/v2\/pages\/91\/revisions\/215"}],"wp:attachment":[{"href":"https:\/\/bibliotecazampa.com.ar\/index.php\/wp-json\/wp\/v2\/media?parent=91"}],"curies":[{"name":"wp","href":"https:\/\/api.w.org\/{rel}","templated":true}]}}

<p>Desde el año 1966, Villa Ramallo no contaba con una Biblioteca Popular, fecha en la que había desaparecido la única que había sido creada por Don Fortunato Zampa en el año 1925, quien engrandeció y sostuvo hasta el momento de su muerte acaecida en el año 1960.</p>
<p>Con el transcurrir del tiempo, Villa Ramallo prosperó notablemente y se hacía indispensable la creación de una Biblioteca Popular. Gracias a un grupo de jóvenes que integraban el grupo Metrópolis (dedicados al cine) realizaron un llamado a la comunidad y después de varias reuniones, con destacados vecinos, se formó la comisión definitiva que estaría a cargo de la concreción del proyecto. Todo esto ocurría en el año 1987.</p>
<p>Esta comisión tomó a su cargo tan ardua tarea y tras rescatar solamente de la antigua biblioteca 3800 volúmenes deteriorados.</p>
<p><img loading="lazy" class="size-medium wp-image-83 aligncenter" src="http://bibliotecazampa.com.ar/wp-content/uploads/2020/08/biblioteca_n-300x225.jpg" sizes="(max-width: 300px) 100vw, 300px" srcset="http://bibliotecazampa.com.ar/wp-content/uploads/2020/08/biblioteca_n-300x225.jpg 300w, http://bibliotecazampa.com.ar/wp-content/uploads/2020/08/biblioteca_n-768x576.jpg 768w, http://bibliotecazampa.com.ar/wp-content/uploads/2020/08/biblioteca_n.jpg 960w" alt="" width="300" height="225" /></p>
<p>De esta forma se dio el puntapié inicial para la creación de la biblioteca que hoy tenemos. Se crearon los estatutos, se gestionó la personería jurídica y se dieron todos los pasos necesarios para finalizar este proyecto. Una vez concluido, el siguiente paso fue conseguir un edificio donde funcionara la institución, pero no se contaba con los fondos necesarios, para tal fin se decidió realizar una rifa que contó con el apoyo absoluto de toda la población y con una subvención municipal se compro un edificio en la calle Primera Junta 52. Toda la comisión se abocó al arreglo y una vez en condiciones y gracias a la ayuda del 40 festival de Música Folklórica se compraron las primeras estanterías para acomodar los 3800 volúmenes.</p>
<p>El día 25 de octubre de 1991, con el nombre de Fortunato Zampa, como justo homenaje a quien tanto había hecho por la cultura de nuestro pueblo, se abrieron las puertas al público de la nueva Biblioteca.</p>
<p>&nbsp;</p>
<p>Hoy, transcurridos varios años de la apertura, esta institución sigue creciendo y ocupa un lugar importante en nuestra localidad.</p>

<p>Desde el año 1966, Villa Ramallo no contaba con una Biblioteca Popular, fecha en la que había desaparecido la única que había sido creada por Don Fortunato Zampa en el año 1925, quien engrandeció y sostuvo hasta el momento de su muerte acaecida en el año 1960. Con el transcurrir del tiempo, Villa Ramallo prosperó &hellip; </p>
<p class="link-more"><a href="https://bibliotecazampa.com.ar/index.php/historia-de-la-biblioteca/" class="more-link">Seguí leyendo<span class="screen-reader-text"> &#8220;Historia de la biblioteca&#8221;</span></a></p>
