{"id":157,"date":"2020-08-06T20:07:22","date_gmt":"2020-08-06T23:07:22","guid":{"rendered":"http:\/\/bibliotecazampa.com.ar\/?page_id=157"},"modified":"2020-08-07T16:03:03","modified_gmt":"2020-08-07T19:03:03","slug":"sistema-de-prestamos","status":"publish","type":"page","link":"https:\/\/bibliotecazampa.com.ar\/index.php\/sistema-de-prestamos\/","title":{"rendered":"Sistema de prestamos"},"content":{"rendered":"<p style=\"font-weight: 400;\">Obras generales, revistas, literatura recreativa y biograf\u00edas son 14 d\u00edas corridos.<\/p>\n<p style=\"font-weight: 400;\">Textos escolares y materiales multimedia se prestan por 7 d\u00edas corridos.<\/p>\n<p style=\"font-weight: 400;\">Posibilidades de renovaci\u00f3n.<\/p>\n<p style=\"font-weight: 400;\">Tres obras por ficha de socio.<\/p>\n","protected":false},"excerpt":{"rendered":"<p>Obras generales, revistas, literatura recreativa y biograf\u00edas son 14 d\u00edas corridos. Textos escolares y materiales multimedia se prestan por 7 d\u00edas corridos. Posibilidades de renovaci\u00f3n. Tres obras por ficha de socio.<\/p>\n","protected":false},"author":1,"featured_media":0,"parent":0,"menu_order":0,"comment_status":"closed","ping_status":"closed","template":"","meta":[],"_links":{"self":[{"href":"https:\/\/bibliotecazampa.com.ar\/index.php\/wp-json\/wp\/v2\/pages\/157"}],"collection":[{"href":"https:\/\/bibliotecazampa.com.ar\/index.php\/wp-json\/wp\/v2\/pages"}],"about":[{"href":"https:\/\/bibliotecazampa.com.ar\/index.php\/wp-json\/wp\/v2\/types\/page"}],"author":[{"embeddable":true,"href":"https:\/\/bibliotecazampa.com.ar\/index.php\/wp-json\/wp\/v2\/users\/1"}],"replies":[{"embeddable":true,"href":"https:\/\/bibliotecazampa.com.ar\/index.php\/wp-json\/wp\/v2\/comments?post=157"}],"version-history":[{"count":3,"href":"https:\/\/bibliotecazampa.com.ar\/index.php\/wp-json\/wp\/v2\/pages\/157\/revisions"}],"predecessor-version":[{"id":210,"href":"https:\/\/bibliotecazampa.com.ar\/index.php\/wp-json\/wp\/v2\/pages\/157\/revisions\/210"}],"wp:attachment":[{"href":"https:\/\/bibliotecazampa.com.ar\/index.php\/wp-json\/wp\/v2\/media?parent=157"}],"curies":[{"name":"wp","href":"https:\/\/api.w.org\/{rel}","templated":true}]}}