{"id":128,"date":"2020-08-06T18:43:29","date_gmt":"2020-08-06T21:43:29","guid":{"rendered":"http:\/\/bibliotecazampa.com.ar\/?page_id=128"},"modified":"2020-08-07T16:18:07","modified_gmt":"2020-08-07T19:18:07","slug":"visitas-guiadas","status":"publish","type":"page","link":"https:\/\/bibliotecazampa.com.ar\/index.php\/visitas-guiadas\/","title":{"rendered":"Visitas guiadas"},"content":{"rendered":"<p><strong>Nivel inicial:<\/strong><\/p>\n<p>Orientadas a jardines de infantes.<\/p>\n<p>A trav\u00e9s de nuestra bebeteca se invita a los m\u00e1s chiquitos a contactarse con las formas, colores y texturas de los libros para desarrollar tempranamente la capacidad lectora (0 a 5 a\u00f1os)<\/p>\n<p><strong>Nivel Primario:<\/strong><\/p>\n<p>Orientadas a ni\u00f1os desde primero hasta s\u00e9ptimo grado inclusive, de escuelas p\u00fablicas y privadas.<\/p>\n<p><strong>Nivel Secundario:<\/strong><\/p>\n<p>Se brindan las herramientas para investigar en el \u00e1mbito de la biblioteca.<\/p>\n","protected":false},"excerpt":{"rendered":"<p>Nivel inicial: Orientadas a jardines de infantes. A trav\u00e9s de nuestra bebeteca se invita a los m\u00e1s chiquitos a contactarse con las formas, colores y texturas de los libros para desarrollar tempranamente la capacidad lectora (0 a 5 a\u00f1os) Nivel Primario: Orientadas a ni\u00f1os desde primero hasta s\u00e9ptimo grado inclusive, de escuelas p\u00fablicas y privadas. &hellip; <\/p>\n<p class=\"link-more\"><a href=\"https:\/\/bibliotecazampa.com.ar\/index.php\/visitas-guiadas\/\" class=\"more-link\">Segu\u00ed leyendo<span class=\"screen-reader-text\"> &#8220;Visitas guiadas&#8221;<\/span><\/a><\/p>\n","protected":false},"author":1,"featured_media":0,"parent":0,"menu_order":0,"comment_status":"closed","ping_status":"closed","template":"","meta":[],"_links":{"self":[{"href":"https:\/\/bibliotecazampa.com.ar\/index.php\/wp-json\/wp\/v2\/pages\/128"}],"collection":[{"href":"https:\/\/bibliotecazampa.com.ar\/index.php\/wp-json\/wp\/v2\/pages"}],"about":[{"href":"https:\/\/bibliotecazampa.com.ar\/index.php\/wp-json\/wp\/v2\/types\/page"}],"author":[{"embeddable":true,"href":"https:\/\/bibliotecazampa.com.ar\/index.php\/wp-json\/wp\/v2\/users\/1"}],"replies":[{"embeddable":true,"href":"https:\/\/bibliotecazampa.com.ar\/index.php\/wp-json\/wp\/v2\/comments?post=128"}],"version-history":[{"count":4,"href":"https:\/\/bibliotecazampa.com.ar\/index.php\/wp-json\/wp\/v2\/pages\/128\/revisions"}],"predecessor-version":[{"id":228,"href":"https:\/\/bibliotecazampa.com.ar\/index.php\/wp-json\/wp\/v2\/pages\/128\/revisions\/228"}],"wp:attachment":[{"href":"https:\/\/bibliotecazampa.com.ar\/index.php\/wp-json\/wp\/v2\/media?parent=128"}],"curies":[{"name":"wp","href":"https:\/\/api.w.org\/{rel}","templated":true}]}}